 be 200/(-15) - (-2)/6. Suppose -214 = 11*b + 6. List the prime factors of b/2*n/2.
5, 13
Suppose 0 = -i - 0*i + 71. Let s = 137 - i. Suppose s = 61*j - 58*j. What are the prime factors of j?
2, 11
Let p = -56 - -59. Suppose -9*i + p = 3. Suppose i = 3*x - 52 - 155. What are the prime factors of x?
3, 23
Let o(r) = r**3 - 23*r**2 + 59*r - 2266. List the prime factors of o(45).
44939
Suppose 0 = -2*p + a + 120652, 0 = -2*p + 27*a - 28*a + 120636. What are the prime factors of p?
2, 30161
Let c = 20859 + -15524. What are the prime factors of c?
5, 11, 97
Suppose p - 8476 = 13*j - 10*j, 5*p - 42338 = j. What are the prime factors of p?
8467
Let x(i) = 13*i**3 - 4*i**2 + 48*i + 20. List the prime factors of x(12).
2, 7, 11, 73
Let r(q) = -1064*q + 1. Let b = 49 + -50. Let c be r(b). Suppose 0 = 34*z - 39*z + c. What are the prime factors of z?
3, 71
Let w be (6 - 0)*(-15)/10. Let o(f) be the first derivative of -3*f**2/2 - 24*f - 36. What are the prime factors of o(w)?
3
Let s(y) = y**3 - 12*y**2 + 15*y - 42. Let v be s(14). Let p = v - -137. List the prime factors of p.
17, 41
Let j be (-3332)/(-21)*(-6)/(2/1). Let c = j + 801. Suppose -4*l + r = -2*r - c, -2*l = 4*r - 190. List the prime factors of l.
5, 17
Suppose -7825*y + 7836*y = 118855. What are the prime factors of y?
5, 2161
Let x(j) = 2*j**3 - 63*j**2 - 227*j - 68. List the prime factors of x(41).
2, 5641
Let u(p) be the first derivative of -5*p**2/2 + 20*p + 123. What are the prime factors of u(1)?
3, 5
Let j(x) = -3*x**3 - 7*x**2 + 2*x - 74. Let t(y) = 10*y**3 + 20*y**2 - 4*y + 222. Let k(c) = 7*j(c) + 2*t(c). List the prime factors of k(-14).
2, 3, 137
Suppose 17*y - 27*y = -40. List the prime factors of 2 - (302/(-4))/(y/8).
3, 17
Let s(r) = -82*r - 19. Let q be s(-6). Let v = -320 + q. Let w = -86 + v. What are the prime factors of w?
67
Let s(b) = 8*b - 4. Let r be s(-4). Let v be (2/(-9))/(4/r) + 1267. Suppose -3*n = 6*n - v. What are the prime factors of n?
3, 47
Suppose 19650 - 14622 = 17*c - 43422. List the prime factors of c.
2, 3, 5, 19
Let a(j) be the third derivative of 23*j**5/60 + j**4/4 + 3*j**3 + j**2 + 25. List the prime factors of a(-3).
3, 23
Let r(o) = -o - 2. Suppose c - 2 = 0, 0 = -5*t + c + 20 - 57. Let b be r(t). Suppose b*w + 8 = -7, 5*w = 3*p - 57. List the prime factors of p.
2, 7
Suppose 5*u - 3*u + 7 = -s, -5*u = s + 10. Let f(o) = -o**3 + 10*o**2 + 26*o - 3. List the prime factors of f(s).
2, 11
Let v be 4/(-32)*4 + (-9)/6. Let p = v + 329. What are the prime factors of p?
3, 109
Suppose 2 = 2*n + t, 2*n - 3*t + 8 = t. Suppose n = -z - 4*z + 640. Suppose z = 2*x - w, 0*x - 2*x + 128 = -3*w. List the prime factors of x.
2
Suppose -5*g + 123 = -32. Let w = 118 + g. What are the prime factors of w?
149
Suppose -4*v - 103 = 3*a + 37, -2*v - a - 70 = 0. Let i = -180 + 170. What are the prime factors of i/15*6*v?
2, 5, 7
Let w be 2425605/351 + (-8)/(-18). Suppose 20354 + w = 41*i. What are the prime factors of i?
5, 7, 19
Let p be 3/9*(-168)/(-14). Suppose 4*h = -p*l + 2312, l - h = 322 + 264. List the prime factors of l.
2, 3, 97
Let h(t) = 2*t**3 + 5*t**2 - 2*t - 6. Let y be -5*(-8)/50*5. Let u be (2 - y) + -2 - -7. What are the prime factors of h(u)?
3, 29
Let b be ((-1)/(1/2))/(54/(-108)). Suppose -2*m - 4*i = -20, -b*m + i - 2*i + 54 = 0. Suppose 1473 + 1537 = m*c. What are the prime factors of c?
5, 43
Suppose 140*f = 138*f + 5*m + 45331, -19*f + 430602 = -5*m. List the prime factors of f.
131, 173
Suppose -100 = 335*i - 330*i. Let n = -16 + 45. Let m = n + i. List the prime factors of m.
3
Let q = -410 - -438. Suppose -q*l - 28868 = -56*l. List the prime factors of l.
1031
Let c = 132588 - 76209. List the prime factors of c.
3, 18793
Suppose 332*p - 2335579 - 4961449 = 0. List the prime factors of p.
31, 709
Let m(k) = -k**3 - k**2 - k + 1. Let p(c) = -c**3 + 13*c**2 + 10*c + 15. Let x(y) = -3*m(y) + p(y). What are the prime factors of x(-7)?
19
Suppose -32*v + 98 = 2. Suppose -3*x - 9 = 0, -3*d = -0*d - v*x - 1431. What are the prime factors of d?
2, 3, 79
Let c = 392 - 375. Suppose 15*f - 12736 = -c*f. What are the prime factors of f?
2, 199
Let l(g) = 1890*g**2 - 56*g. What are the prime factors of l(1)?
2, 7, 131
Suppose 4*m = -l + 42227, -l = 20*l + m - 886103. What are the prime factors of l?
3, 5, 29, 97
Let h(t) = -t**2 + 44*t - 81. Let o be h(42). Suppose 1014 = m - o*c, m + 4*c = -3*m + 4008. List the prime factors of m.
3, 5, 67
Let z(u) = u**2 + 18*u - 26. Let f be z(-14). Let r = f - -70. List the prime factors of (-16)/12*3*r.
2, 3
Suppose -f - 3*s = -20, 0 = 5*f - f + 4*s - 40. Let n(c) = 10*c**2 - 6*c + 1. What are the prime factors of n(f)?
13, 17
Suppose -2*h - 72 = -3*h. Let o = -54 - h. List the prime factors of 0 - -1*o/(-3).
2, 3, 7
Let q = -92 + 50. Let u = -39 - q. Suppose 0*r - 324 = -u*r. What are the prime factors of r?
2, 3
Let p(o) = 10*o - 20. Let g be p(4). Let l(i) = -i**3 + 21*i**2 - 9*i - 27. Let a be l(g). Let d = a + -112. What are the prime factors of d?
3
Let k = -63035 - -109915. List the prime factors of k.
2, 5, 293
Let n(z) = -z**2 - 26*z - 11. Let s(q) = -59 + 17*q - 19*q - 5*q. Let g be s(-7). List the prime factors of n(g).
149
Suppose -15*n = -49*n - 16*n + 658150. List the prime factors of n.
13163
Suppose 3*p = 6*p + 5*d - 23, -29 = -4*p - 5*d. Let y = 34 + -28. Suppose p = y*c - 3*c. List the prime factors of c.
2
Suppose 0 = -208*o + 207*o + 5. Suppose o*s = 7*s - 2748. What are the prime factors of s?
2, 3, 229
Let j = 50 + -97. Let l be (-2)/8 - (-309)/4. Let d = l + j. List the prime factors of d.
2, 3, 5
Let h(p) = -23*p - 107. Let a be (-6)/48*2 - 364/16. What are the prime factors of h(a)?
2, 211
Let c be (18/5)/(1/40). Suppose c - 49 = o. Let q = -17 + o. What are the prime factors of q?
2, 3, 13
Suppose -2*w - 5 = -2*a - 3*a, 2*w = a - 17. Let c(q) = -17*q + 37. Let u be c(w). Let y = u - 61. List the prime factors of y.
2, 73
Let o be 8/6*63/42. Suppose 0 = o*h - 166 - 258. What are the prime factors of h?
2, 53
Let v(a) = -3*a**2 + 41*a + 32. Let f be v(14). Let x(l) = -2*l**3 + 39*l**2 - 33*l + 18. List the prime factors of x(f).
2, 3, 11
Let k be (1 - -1)*(-6 - (-7 - 7)). Let m(x) = k - 17 + 32*x + 62*x. List the prime factors of m(1).
3, 31
Let p be 80/280 + 1923/7. Suppose y + 13 = p. What are the prime factors of y?
2, 131
Let c(f) = 4*f + 18. Let a be c(-4). Let u(k) = 3*k**2 + 4*k - 1. Let g be u(a). Suppose 2*t + r = 63, -2*r + 4*r = t - g. What are the prime factors of t?
29
Let d(s) = 7*s + 24. Let g be d(9). Let u = g - 11. List the prime factors of u.
2, 19
Let x(r) = -r**3 - 40*r**2 + r + 49. Let o be x(-40). Let k = 30 + -28. Suppose -d - o*g + 28 = -4*g, -k*g = 2*d - 80. What are the prime factors of d?
43
Let z be (4/24)/((-2)/(-372)). Suppose 0 = -z*m + 14060 - 4791. List the prime factors of m.
13, 23
Let m(q) = -q**3 - 26*q**2 + 28*q + 34. Let f be 27/(-5)*(1 - -4). What are the prime factors of m(f)?
7
Suppose -16*w + 31 = -3*k - 11*w, 2*k - 2*w = -18. List the prime factors of ((-8352)/k)/1 - (-1)/(-7).
1193
Let r = 726 - 721. Suppose -y = 1 - 6. Suppose 0*f = -2*f + 2, -y*f - 340 = -r*g. What are the prime factors of g?
3, 23
Let h = 40 + 16. Let w(l) = -9*l + 23*l + h - 5*l - 8*l. What are the prime factors of w(-15)?
41
Let v = -41729 + 77839. List the prime factors of v.
2, 5, 23, 157
Suppose -4*f - 2*r + 98 = 0, f + 4*f - r = 140. Suppose 0 = 2*t + 5*s + f, 2*t + t - s + 15 = 0. List the prime factors of 14027/78 - 1/t.
2, 3, 5
Suppose -232*s + 234*s - 16928 = 0. List the prime factors of s.
2, 23
Let p(g) = -g**3 - 25*g**2 - g - 23. Let i be p(-25). Suppose i*o - 5*j - 53 = 610, -o = -2*j - 329. List the prime factors of o.
11, 29
Suppose -6*l - 288 = -18*l. Suppose -3*b + 6 = -l. Suppose -9*a = -b*a + 40. List the prime factors of a.
2, 5
Suppose 0 = -10*j + 4*j - 270. Let u = j - -163. Let x = 169 - u. What are the prime factors of x?
3, 17
Let i be 6/((-22)/4 + 3 + 4). Suppose 0*w + 4*g - 1752 = -i*w, 3 = 3*g. List the prime factors of w.
19, 23
Let l(z) = z + 18. Suppose 2*k = 3*g - 7*g - 138, -k + 33 = -g. Let u be 4/18 + g/153. List the prime factors of l(u).
2, 3
Let j = -4108 - -25295. What are the prime factors of j?
21187
What are the prime factors of (44